308?
44
Calculate the greatest common factor of 7 and 2219.
7
What is the highest common divisor of 390 and 26?
26
Calculate the greatest common divisor of 48 and 28.
4
Calculate the greatest common divisor of 10 and 15.
5
What is the highest common factor of 87 and 29?
29
What is the greatest common divisor of 1358 and 2328?
194
What is the highest common factor of 175 and 273?
7
Calculate the greatest common divisor of 83 and 913.
83
What is the greatest common divisor of 770 and 616?
154
What is the highest common factor of 2829 and 164?
41
What is the greatest common divisor of 4324 and 376?
188
Calculate the greatest common divisor of 54 and 1917.
27
What is the greatest common factor of 5 and 2045?
5
Calculate the highest common divisor of 2508 and 152.
76
What is the highest common divisor of 2128 and 76?
76
What is the highest common divisor of 20 and 830?
10
Calculate the highest common factor of 116 and 108.
4
Calculate the greatest common factor of 48 and 2916.
12
Calculate the highest common divisor of 4 and 178.
2
What is the greatest common divisor of 217 and 14?
7
Calculate the highest common divisor of 28919 and 242.
121
Calculate the greatest common factor of 221 and 765.
17
Calculate the highest common factor of 175 and 275.
25
What is the greatest common divisor of 185 and 37?
37
Calculate the highest common factor of 22 and 88.
22
What is the highest common divisor of 8 and 5000?
8
Calculate the greatest common factor of 21551 and 23.
23
What is the greatest common factor of 120 and 210?
30
What is the greatest common factor of 5240 and 40?
40
What is the greatest common factor of 45445 and 305?
305
What is the greatest common factor of 21 and 2247?
21
Calculate the highest common factor of 12 and 7386.
6
Calculate the highest common divisor of 23 and 391.
23
What is the highest common divisor of 21 and 12117?
21
What is the highest common divisor of 97525 and 83?
83
What is the highest common factor of 72 and 18?
18
What is the highest common factor of 665 and 70?
35
Calculate the greatest common factor of 2852 and 460.
92
What is the greatest common divisor of 3213 and 119?
119
What is the greatest common divisor of 11 and 451?
11
What is the greatest common factor of 18 and 66?
6
What is the greatest common divisor of 88 and 33?
11
What is the greatest common factor of 1065 and 75?
15
Calculate the highest common divisor of 10 and 15.
5
What is the greatest common divisor of 856 and 16?
8
What is the highest common divisor of 15 and 5?
5
What is the highest common factor of 147 and 33369?
147
What is the highest common divisor of 7710 and 420?
30
Calculate the highest common divisor of 162 and 18.
18
Calculate the greatest common divisor of 399 and 42.
21
What is the highest common factor of 4600 and 2392?
184
What is the highest common factor of 7096 and 8?
8
Calculate the highest common factor of 16255 and 10.
5
Calculate the greatest common factor of 8 and 88.
8
Calculate the highest common divisor of 2770 and 10.
10
Calculate the greatest common divisor of 176 and 814.
22
What is the greatest common factor of 8605 and 5?
5
What is the highest common factor of 93 and 1767?
93
Calculate the greatest common divisor of 518 and 14.
14
Calculate the greatest common divisor of 38 and 37506.
38
Calculate the highest common divisor of 50975 and 25.
25
What is the highest common factor of 240 and 35?
5
What is the greatest common divisor of 1605 and 10?
5
What is the greatest common divisor of 1218 and 116?
58
What is the highest common factor of 7 and 7931?
7
Calculate the greatest common divisor of 351 and 663.
39
What is the highest common divisor of 27 and 36?
9
What is the highest common divisor of 39 and 22789?
13
Calculate the highest common factor of 52 and 24908.
52
What is the highest common factor of 710 and 3266?
142
Calculate the greatest common factor of 288 and 996.
12
Calculate the greatest common factor of 3556 and 392.
28
What is the greatest common factor of 168 and 2724?
12
Calculate the highest common divisor of 1496 and 22.
22
Calculate the greatest common factor of 666 and 18.
18
Calculate the greatest common divisor of 6875 and 11.
11
Calculate the greatest common factor of 39 and 377.
13
Calculate the greatest common factor of 22 and 2574.
22
What is the highest common factor of 35 and 343?
7
What is the greatest common divisor of 546 and 312?
78
What is the greatest common factor of 184 and 272?
8
Calculate the highest common divisor of 130 and 104.
26
Calculate the highest common divisor of 40 and 690.
10
What is the greatest common factor of 11 and 22?
11
What is the greatest common divisor of 8500 and 68?
68
What is the highest common factor of 9 and 2?
1
What is the greatest common factor of 6 and 3774?
6
What is the greatest common factor of 3113 and 4528?
283
What is the greatest common factor of 113 and 3?
1
Calculate the greatest common divisor of 1825 and 25.
25
What is the highest common factor of 498 and 3154?
166
What is the highest common factor of 161 and 69?
23
Calculate the highest common factor of 1464 and 104.
8
What is the greatest common factor of 4837 and 14?
7
What is the highest common factor of 42 and 1498?
14
Calculate the greatest common factor of 5291 and 104.
13
What is the highest common divisor of 1547 and 1785?
119
Calculate the greatest common factor of 34 and 1.
1
What is the greatest common divisor of 2529 and 9?
9
Calculate the greatest common factor of 1340 and 180.
20
What is the highest common factor of 265 and 106?
53
Calculate the greatest common factor of 10 and 2705.
5
What is the highest common factor of 168 and 882?
42
Calculate the greatest common factor of 2 and 474.
2
Calculate the highest common factor of 336 and 8288.
112
Calculate the greatest common divisor of 17720 and 40.
40
Calculate the highest common factor of 461 and 1.
1
Calculate the highest common divisor of 583 and 53.
53
What is the greatest common factor of 2 and 21?
1
What is the greatest common factor of 10 and 415?
5
Calculate the highest common divisor of 2997 and 37.
37
What is the greatest common divisor of 66 and 616?
22
Calculate the highest common divisor of 35 and 1855.
35
Calculate the highest common factor of 720 and 5.
5
What is the highest common divisor of 192 and 24?
24
What is the highest common divisor of 406 and 14?
14
Calculate the greatest common divisor of 3 and 1635.
3
Calculate the highest common factor of 44 and 2398.
22
What is the greatest common factor of 493 and 85?
17
What is the highest common factor of 768 and 16?
16
Calculate the greatest common divisor of 56 and 42.
14
Calculate the highest common divisor of 506 and 2277.
253
What is the greatest common divisor of 141 and 47?
47
What is the greatest common divisor of 146 and 3650?
146
Calculate the highest common divisor of 5898 and 6.
6
What is the greatest common divisor of 640 and 280?
40
Calculate the highest common factor of 24 and 894.
6
Calculate the greatest common factor of 4 and 362.
2
What is the highest common factor of 16 and 2848?
16
What is the greatest common divisor of 28 and 756?
28
What is the highest common factor of 36 and 198?
18
Calculate the greatest common divisor of 39 and 39.
39
What is the highest common factor of 888 and 6808?
296
Calculate the highest common factor of 57 and 2622.
57
What is the highest common divisor of 232 and 2900?
116
Calculate the greatest common factor of 84 and 124.
4
Calculate the highest common factor of 39420 and 36.
36
What is the greatest common factor of 1058 and 92?
46
What is the highest common factor of 144 and 198?
18
Calculate the greatest common divisor of 368 and 230.
46
What is the greatest common factor of 13580 and 140?
140
Calculate the greatest common divisor of 584 and 104.
8
Calculate the greatest common factor of 35 and 140.
35
Calculate the highest common factor of 214 and 1177.
107
What is the highest common divisor of 217 and 7?
7
What is the greatest common factor of 1024 and 48?
16
Calculate the highest common factor of 69 and 161.
23
What is the greatest common factor of 201 and 3?
3
What is the highest common divisor of 83 and 332?
83
Calculate the highest common divisor of 21 and 21.
21
What is the highest common factor